{"id":2358,"date":"2026-01-05T11:55:02","date_gmt":"2026-01-05T10:55:02","guid":{"rendered":"http:\/\/victorthemes.com\/themes\/outlet\/?post_type=product&#038;p=2358"},"modified":"2026-03-31T03:53:40","modified_gmt":"2026-03-31T02:53:40","slug":"cafe-turc-pur-cardamome","status":"publish","type":"product","link":"https:\/\/alfinjel.com\/index.php\/product\/cafe-turc-pur-cardamome\/","title":{"rendered":"Caf\u00e9 Turc Pur \u00e0 la Cardamome \u2013 Origine Br\u00e9sil"},"content":{"rendered":"<p data-start=\"160\" data-end=\"220\"><strong data-start=\"160\" data-end=\"220\">100 % Arabica | Torr\u00e9faction moyenne | Poids net : 280 g<\/strong><\/p>\n<p data-start=\"222\" data-end=\"488\">D\u00e9couvrez l\u2019alliance parfaite entre la <strong data-start=\"261\" data-end=\"287\">tradition du caf\u00e9 turc<\/strong> et la <strong data-start=\"294\" data-end=\"338\">note aromatique raffin\u00e9e de la cardamome<\/strong>. Pr\u00e9par\u00e9 \u00e0 partir de <strong data-start=\"360\" data-end=\"406\">grains 100 % Arabica d\u2019origine br\u00e9silienne<\/strong>, ce caf\u00e9 offre une exp\u00e9rience gustative riche, \u00e9quilibr\u00e9e et d\u00e9licatement \u00e9pic\u00e9e.<\/p>\n<p data-start=\"490\" data-end=\"782\">Sa <strong data-start=\"493\" data-end=\"517\">torr\u00e9faction moyenne<\/strong> permet de r\u00e9v\u00e9ler toute la profondeur des ar\u00f4mes du caf\u00e9 tout en mettant en valeur la fra\u00eecheur subtile de la cardamome. Finement moulu, il est parfaitement adapt\u00e9 \u00e0 la pr\u00e9paration du caf\u00e9 turc, offrant une texture onctueuse et une mousse g\u00e9n\u00e9reuse \u00e0 chaque tasse.<\/p>\n<p data-start=\"784\" data-end=\"806\"><strong data-start=\"784\" data-end=\"806\">Caract\u00e9ristiques :<\/strong><\/p>\n<ul data-start=\"807\" data-end=\"980\">\n<li data-start=\"807\" data-end=\"841\">\n<p data-start=\"809\" data-end=\"841\">Caf\u00e9 turc <strong data-start=\"819\" data-end=\"841\">pur \u00e0 la cardamome<\/strong><\/p>\n<\/li>\n<li data-start=\"842\" data-end=\"864\">\n<p data-start=\"844\" data-end=\"864\">Origine : <strong data-start=\"854\" data-end=\"864\">Br\u00e9sil<\/strong><\/p>\n<\/li>\n<li data-start=\"865\" data-end=\"891\">\n<p data-start=\"867\" data-end=\"891\">Grains <strong data-start=\"874\" data-end=\"891\">100 % Arabica<\/strong><\/p>\n<\/li>\n<li data-start=\"892\" data-end=\"918\">\n<p data-start=\"894\" data-end=\"918\"><strong data-start=\"894\" data-end=\"918\">Torr\u00e9faction moyenne<\/strong><\/p>\n<\/li>\n<li data-start=\"919\" data-end=\"956\">\n<p data-start=\"921\" data-end=\"956\">Saveur \u00e9quilibr\u00e9e aux notes \u00e9pic\u00e9es<\/p>\n<\/li>\n<li data-start=\"957\" data-end=\"980\">\n<p data-start=\"959\" data-end=\"980\"><strong data-start=\"959\" data-end=\"980\">Poids net : 280 g<\/strong><\/p>\n<\/li>\n<\/ul>\n<p data-start=\"982\" data-end=\"1100\">Un caf\u00e9 authentique et parfum\u00e9, id\u00e9al pour les amateurs de saveurs orientales et de moments de d\u00e9gustation uniques<\/p>\n<p data-start=\"982\" data-end=\"1100\"><a href=\"http:\/\/alfinjel.com\/wp-content\/uploads\/2026\/01\/Cafe_turc_Pur_au_cardamome_280G_03.jpg\"><img loading=\"lazy\" decoding=\"async\" class=\"alignnone size-full wp-image-4565\" src=\"http:\/\/alfinjel.com\/wp-content\/uploads\/2026\/01\/Cafe_turc_Pur_au_cardamome_280G_03.jpg\" alt=\"\" width=\"300\" height=\"300\" srcset=\"https:\/\/alfinjel.com\/wp-content\/uploads\/2026\/01\/Cafe_turc_Pur_au_cardamome_280G_03.jpg 300w, https:\/\/alfinjel.com\/wp-content\/uploads\/2026\/01\/Cafe_turc_Pur_au_cardamome_280G_03-150x150.jpg 150w, https:\/\/alfinjel.com\/wp-content\/uploads\/2026\/01\/Cafe_turc_Pur_au_cardamome_280G_03-100x100.jpg 100w\" sizes=\"auto, (max-width: 300px) 100vw, 300px\" \/><\/a><a href=\"http:\/\/alfinjel.com\/wp-content\/uploads\/2026\/01\/alfinjel_2026_Cardamome_Vert_-scaled.jpg\"><img loading=\"lazy\" decoding=\"async\" class=\"alignnone  wp-image-4640\" src=\"http:\/\/alfinjel.com\/wp-content\/uploads\/2026\/01\/alfinjel_2026_Cardamome_Vert_-300x217.jpg\" alt=\"\" width=\"413\" height=\"299\" srcset=\"https:\/\/alfinjel.com\/wp-content\/uploads\/2026\/01\/alfinjel_2026_Cardamome_Vert_-300x217.jpg 300w, https:\/\/alfinjel.com\/wp-content\/uploads\/2026\/01\/alfinjel_2026_Cardamome_Vert_-1024x739.jpg 1024w, https:\/\/alfinjel.com\/wp-content\/uploads\/2026\/01\/alfinjel_2026_Cardamome_Vert_-768x555.jpg 768w, https:\/\/alfinjel.com\/wp-content\/uploads\/2026\/01\/alfinjel_2026_Cardamome_Vert_-1536x1109.jpg 1536w, https:\/\/alfinjel.com\/wp-content\/uploads\/2026\/01\/alfinjel_2026_Cardamome_Vert_-2048x1479.jpg 2048w, https:\/\/alfinjel.com\/wp-content\/uploads\/2026\/01\/alfinjel_2026_Cardamome_Vert_-1320x953.jpg 1320w, https:\/\/alfinjel.com\/wp-content\/uploads\/2026\/01\/alfinjel_2026_Cardamome_Vert_-525x379.jpg 525w\" sizes=\"auto, (max-width: 413px) 100vw, 413px\" \/><\/a><\/p>\n","protected":false},"excerpt":{"rendered":"<p data-start=\"160\" data-end=\"220\"><strong data-start=\"160\" data-end=\"220\">100 % Arabica | Torr\u00e9faction moyenne | Poids net : 280 g<\/strong><\/p>\r\n<p data-start=\"222\" data-end=\"488\">D\u00e9couvrez l\u2019alliance parfaite entre la <strong data-start=\"261\" data-end=\"287\">tradition du caf\u00e9 turc<\/strong> et la <strong data-start=\"294\" data-end=\"338\">note aromatique raffin\u00e9e de la cardamome<\/strong>. Pr\u00e9par\u00e9 \u00e0 partir de <strong data-start=\"360\" data-end=\"406\">grains 100 % Arabica d\u2019origine br\u00e9silienne<\/strong>, ce caf\u00e9 offre une exp\u00e9rience gustative riche, \u00e9quilibr\u00e9e et d\u00e9licatement \u00e9pic\u00e9e.<\/p>\r\n<p data-start=\"490\" data-end=\"782\">Sa <strong data-start=\"493\" data-end=\"517\">torr\u00e9faction moyenne<\/strong> permet de r\u00e9v\u00e9ler toute la profondeur des ar\u00f4mes du caf\u00e9 tout en mettant en valeur la fra\u00eecheur subtile de la cardamome. Finement moulu, il est parfaitement adapt\u00e9 \u00e0 la pr\u00e9paration du caf\u00e9 turc, offrant une texture onctueuse et une mousse g\u00e9n\u00e9reuse \u00e0 chaque tasse.<\/p>\r\n<p data-start=\"784\" data-end=\"806\"><strong data-start=\"784\" data-end=\"806\">Caract\u00e9ristiques :<\/strong><\/p>\r\n\r\n<ul data-start=\"807\" data-end=\"980\">\r\n \t<li data-start=\"807\" data-end=\"841\">\r\n<p data-start=\"809\" data-end=\"841\">Caf\u00e9 turc <strong data-start=\"819\" data-end=\"841\">pur \u00e0 la cardamome<\/strong><\/p>\r\n<\/li>\r\n \t<li data-start=\"842\" data-end=\"864\">\r\n<p data-start=\"844\" data-end=\"864\">Origine : <strong data-start=\"854\" data-end=\"864\">Br\u00e9sil<\/strong><\/p>\r\n<\/li>\r\n \t<li data-start=\"865\" data-end=\"891\">\r\n<p data-start=\"867\" data-end=\"891\">Grains <strong data-start=\"874\" data-end=\"891\">100 % Arabica<\/strong><\/p>\r\n<\/li>\r\n \t<li data-start=\"892\" data-end=\"918\">\r\n<p data-start=\"894\" data-end=\"918\"><strong data-start=\"894\" data-end=\"918\">Torr\u00e9faction moyenne<\/strong><\/p>\r\n<\/li>\r\n \t<li data-start=\"919\" data-end=\"956\">\r\n<p data-start=\"921\" data-end=\"956\">Saveur \u00e9quilibr\u00e9e aux notes \u00e9pic\u00e9es<\/p>\r\n<\/li>\r\n \t<li data-start=\"957\" data-end=\"980\">\r\n<p data-start=\"959\" data-end=\"980\"><strong data-start=\"959\" data-end=\"980\">Poids net : 280 g<\/strong><\/p>\r\n<\/li>\r\n<\/ul>\r\n<p data-start=\"982\" data-end=\"1100\">Un caf\u00e9 authentique et parfum\u00e9, id\u00e9al pour les amateurs de saveurs orientales et de moments de d\u00e9gustation uniques<\/p>\r\n<p data-start=\"982\" data-end=\"1100\"><a href=\"http:\/\/alfinjel.com\/wp-content\/uploads\/2026\/01\/Cafe_turc_Pur_au_cardamome_280G_02.jpg\"><img loading=\"lazy\" decoding=\"async\" class=\"alignnone size-full wp-image-4564\" src=\"http:\/\/alfinjel.com\/wp-content\/uploads\/2026\/01\/Cafe_turc_Pur_au_cardamome_280G_02.jpg\" alt=\"\" width=\"300\" height=\"300\" srcset=\"https:\/\/alfinjel.com\/wp-content\/uploads\/2026\/01\/Cafe_turc_Pur_au_cardamome_280G_02.jpg 300w, https:\/\/alfinjel.com\/wp-content\/uploads\/2026\/01\/Cafe_turc_Pur_au_cardamome_280G_02-150x150.jpg 150w, https:\/\/alfinjel.com\/wp-content\/uploads\/2026\/01\/Cafe_turc_Pur_au_cardamome_280G_02-100x100.jpg 100w\" sizes=\"auto, (max-width: 300px) 100vw, 300px\" \/><\/a><\/p>\r\n<p data-start=\"982\" data-end=\"1100\"><a href=\"http:\/\/alfinjel.com\/wp-content\/uploads\/2026\/01\/alfinjel_2026_Cardamome_Vert_-scaled.jpg\"><img loading=\"lazy\" decoding=\"async\" class=\"alignnone size-medium wp-image-4640\" src=\"http:\/\/alfinjel.com\/wp-content\/uploads\/2026\/01\/alfinjel_2026_Cardamome_Vert_-300x217.jpg\" alt=\"\" width=\"300\" height=\"217\" srcset=\"https:\/\/alfinjel.com\/wp-content\/uploads\/2026\/01\/alfinjel_2026_Cardamome_Vert_-300x217.jpg 300w, https:\/\/alfinjel.com\/wp-content\/uploads\/2026\/01\/alfinjel_2026_Cardamome_Vert_-1024x739.jpg 1024w, https:\/\/alfinjel.com\/wp-content\/uploads\/2026\/01\/alfinjel_2026_Cardamome_Vert_-768x555.jpg 768w, https:\/\/alfinjel.com\/wp-content\/uploads\/2026\/01\/alfinjel_2026_Cardamome_Vert_-1536x1109.jpg 1536w, https:\/\/alfinjel.com\/wp-content\/uploads\/2026\/01\/alfinjel_2026_Cardamome_Vert_-2048x1479.jpg 2048w, https:\/\/alfinjel.com\/wp-content\/uploads\/2026\/01\/alfinjel_2026_Cardamome_Vert_-1320x953.jpg 1320w, https:\/\/alfinjel.com\/wp-content\/uploads\/2026\/01\/alfinjel_2026_Cardamome_Vert_-525x379.jpg 525w\" sizes=\"auto, (max-width: 300px) 100vw, 300px\" \/><\/a><\/p>","protected":false},"featured_media":4640,"comment_status":"open","ping_status":"closed","template":"","meta":{"_monsterinsights_skip_tracking":false,"_monsterinsights_sitenote_active":false,"_monsterinsights_sitenote_note":"","_monsterinsights_sitenote_category":0,"jetpack_publicize_message":"","jetpack_publicize_feature_enabled":true,"jetpack_social_post_already_shared":false,"jetpack_social_options":{"image_generator_settings":{"template":"highway","default_image_id":0,"font":"","enabled":false},"version":2}},"product_brand":[],"product_cat":[15],"product_tag":[86,87,101],"class_list":{"0":"post-2358","1":"product","2":"type-product","3":"status-publish","4":"has-post-thumbnail","6":"product_cat-cafeturc","7":"product_tag-cardamome","8":"product_tag-turc","9":"product_tag-vert","11":"first","12":"instock","13":"taxable","14":"shipping-taxable","15":"purchasable","16":"product-type-simple"},"aioseo_notices":[],"jetpack_publicize_connections":[],"jetpack_sharing_enabled":true,"jetpack_likes_enabled":true,"_links":{"self":[{"href":"https:\/\/alfinjel.com\/index.php\/wp-json\/wp\/v2\/product\/2358","targetHints":{"allow":["GET"]}}],"collection":[{"href":"https:\/\/alfinjel.com\/index.php\/wp-json\/wp\/v2\/product"}],"about":[{"href":"https:\/\/alfinjel.com\/index.php\/wp-json\/wp\/v2\/types\/product"}],"replies":[{"embeddable":true,"href":"https:\/\/alfinjel.com\/index.php\/wp-json\/wp\/v2\/comments?post=2358"}],"wp:featuredmedia":[{"embeddable":true,"href":"https:\/\/alfinjel.com\/index.php\/wp-json\/wp\/v2\/media\/4640"}],"wp:attachment":[{"href":"https:\/\/alfinjel.com\/index.php\/wp-json\/wp\/v2\/media?parent=2358"}],"wp:term":[{"taxonomy":"product_brand","embeddable":true,"href":"https:\/\/alfinjel.com\/index.php\/wp-json\/wp\/v2\/product_brand?post=2358"},{"taxonomy":"product_cat","embeddable":true,"href":"https:\/\/alfinjel.com\/index.php\/wp-json\/wp\/v2\/product_cat?post=2358"},{"taxonomy":"product_tag","embeddable":true,"href":"https:\/\/alfinjel.com\/index.php\/wp-json\/wp\/v2\/product_tag?post=2358"}],"curies":[{"name":"wp","href":"https:\/\/api.w.org\/{rel}","templated":true}]}}